[INFO] fetching crate coconut 0.1.0...
[INFO] checking coconut-0.1.0 against try#72f88fc4e9458f89516a0b8b0868f3718aec5b47 for pr-74989
[INFO] extracting crate coconut 0.1.0 into /workspace/builds/worker-3/source
[INFO] validating manifest of crates.io crate coconut 0.1.0 on toolchain 72f88fc4e9458f89516a0b8b0868f3718aec5b47
[INFO] running `Command { std: "/workspace/cargo-home/bin/cargo" "+72f88fc4e9458f89516a0b8b0868f3718aec5b47" "read-manifest" "--manifest-path" "Cargo.toml", kill_on_drop: false }`
[INFO] started tweaking crates.io crate coconut 0.1.0
[INFO] finished tweaking crates.io crate coconut 0.1.0
[INFO] tweaked toml for crates.io crate coconut 0.1.0 written to /workspace/builds/worker-3/source/Cargo.toml
[INFO] running `Command { std: "/workspace/cargo-home/bin/cargo" "+72f88fc4e9458f89516a0b8b0868f3718aec5b47" "generate-lockfile" "--manifest-path" "Cargo.toml" "-Zno-index-update", kill_on_drop: false }`
[INFO] running `Command { std: "/workspace/cargo-home/bin/cargo" "+72f88fc4e9458f89516a0b8b0868f3718aec5b47" "fetch" "--locked" "--manifest-path" "Cargo.toml", kill_on_drop: false }`
[INFO] running `Command { std: "docker" "create" "-v" "/var/lib/crater-agent-workspace/builds/worker-3/target:/opt/rustwide/target:rw,Z" "-v" "/var/lib/crater-agent-workspace/builds/worker-3/source:/opt/rustwide/workdir:ro,Z" "-v" "/var/lib/crater-agent-workspace/cargo-home:/opt/rustwide/cargo-home:ro,Z" "-v" "/var/lib/crater-agent-workspace/rustup-home:/opt/rustwide/rustup-home:ro,Z" "-e" "SOURCE_DIR=/opt/rustwide/workdir" "-e" "CARGO_TARGET_DIR=/opt/rustwide/target" "-e" "CARGO_HOME=/opt/rustwide/cargo-home" "-e" "RUSTUP_HOME=/opt/rustwide/rustup-home" "-w" "/opt/rustwide/workdir" "-m" "1610612736" "--user" "0:0" "--network" "none" "rustops/crates-build-env@sha256:d92eaeed33fa75130ca1ee6c8a01d1ffb62bac859dfdfb3450e3e5d1c0146529" "/opt/rustwide/cargo-home/bin/cargo" "+72f88fc4e9458f89516a0b8b0868f3718aec5b47" "metadata" "--no-deps" "--format-version=1", kill_on_drop: false }`
[INFO] [stderr] WARNING: Your kernel does not support swap limit capabilities or the cgroup is not mounted. Memory limited without swap.
[INFO] [stdout] de888715e258a1581f50722976bd3161a08202e305e33c2161131de2588dcabf
[INFO] running `Command { std: "docker" "start" "-a" "de888715e258a1581f50722976bd3161a08202e305e33c2161131de2588dcabf", kill_on_drop: false }`
[INFO] running `Command { std: "docker" "inspect" "de888715e258a1581f50722976bd3161a08202e305e33c2161131de2588dcabf", kill_on_drop: false }`
[INFO] running `Command { std: "docker" "rm" "-f" "de888715e258a1581f50722976bd3161a08202e305e33c2161131de2588dcabf", kill_on_drop: false }`
[INFO] [stdout] de888715e258a1581f50722976bd3161a08202e305e33c2161131de2588dcabf
[INFO] running `Command { std: "docker" "create" "-v" "/var/lib/crater-agent-workspace/builds/worker-3/target:/opt/rustwide/target:rw,Z" "-v" "/var/lib/crater-agent-workspace/builds/worker-3/source:/opt/rustwide/workdir:ro,Z" "-v" "/var/lib/crater-agent-workspace/cargo-home:/opt/rustwide/cargo-home:ro,Z" "-v" "/var/lib/crater-agent-workspace/rustup-home:/opt/rustwide/rustup-home:ro,Z" "-e" "SOURCE_DIR=/opt/rustwide/workdir" "-e" "CARGO_TARGET_DIR=/opt/rustwide/target" "-e" "CARGO_INCREMENTAL=0" "-e" "RUST_BACKTRACE=full" "-e" "RUSTFLAGS=--cap-lints=forbid" "-e" "CARGO_HOME=/opt/rustwide/cargo-home" "-e" "RUSTUP_HOME=/opt/rustwide/rustup-home" "-w" "/opt/rustwide/workdir" "-m" "1610612736" "--user" "0:0" "--network" "none" "rustops/crates-build-env@sha256:d92eaeed33fa75130ca1ee6c8a01d1ffb62bac859dfdfb3450e3e5d1c0146529" "/opt/rustwide/cargo-home/bin/cargo" "+72f88fc4e9458f89516a0b8b0868f3718aec5b47" "check" "--frozen" "--all" "--all-targets" "--message-format=json", kill_on_drop: false }`
[INFO] [stdout] 2fb56775b85c7d1e74e0b8406b40ca6e940b545c2fec01ea49ac3a598e257f08
[INFO] [stderr] WARNING: Your kernel does not support swap limit capabilities or the cgroup is not mounted. Memory limited without swap.
[INFO] running `Command { std: "docker" "start" "-a" "2fb56775b85c7d1e74e0b8406b40ca6e940b545c2fec01ea49ac3a598e257f08", kill_on_drop: false }`
[INFO] [stderr]     Checking futures-core-preview v0.3.0-alpha.19
[INFO] [stderr]     Checking futures-sink-preview v0.3.0-alpha.19
[INFO] [stderr]     Checking futures-io-preview v0.3.0-alpha.19
[INFO] [stderr]     Checking pin-utils v0.1.0
[INFO] [stderr]     Checking bytes v0.4.12
[INFO] [stderr]     Checking futures-channel-preview v0.3.0-alpha.19
[INFO] [stderr]     Checking futures-util-preview v0.3.0-alpha.19
[INFO] [stderr]     Checking futures-executor-preview v0.3.0-alpha.19
[INFO] [stderr]     Checking futures-preview v0.3.0-alpha.19
[INFO] [stderr]     Checking coconut v0.1.0 (/opt/rustwide/workdir)
[INFO] [stdout] error[E0437]: type `SinkError` is not a member of trait `Sink`
[INFO] [stdout]    --> src/lib.rs:150:5
[INFO] [stdout]     |
[INFO] [stdout] 150 |     type SinkError = FramesError<C::Error>;
[INFO] [stdout]     |     ^^^^^^^^^^^^^^^^^^^^^^^^^^^^^^^^^^^^^^^ not a member of trait `Sink`
[INFO] [stdout] 
[INFO] [stdout] 
[INFO] [stdout] error[E0220]: associated type `SinkError` not found for `Self`
[INFO] [stdout]    --> src/lib.rs:152:89
[INFO] [stdout]     |
[INFO] [stdout] 152 |     fn poll_ready(self: Pin<&mut Self>, _cx: &mut Context<'_>) -> Poll<Result<(), Self::SinkError>> {
[INFO] [stdout]     |                                                                                         ^^^^^^^^^ associated type `SinkError` not found
[INFO] [stdout] 
[INFO] [stdout] 
[INFO] [stdout] error[E0220]: associated type `SinkError` not found for `Self`
[INFO] [stdout]    --> src/lib.rs:156:70
[INFO] [stdout]     |
[INFO] [stdout] 156 |     fn start_send(self: Pin<&mut Self>, item: T) -> Result<(), Self::SinkError> {
[INFO] [stdout]     |                                                                      ^^^^^^^^^ associated type `SinkError` not found
[INFO] [stdout] 
[INFO] [stdout] 
[INFO] [stdout] error[E0220]: associated type `SinkError` not found for `Self`
[INFO] [stdout]    --> src/lib.rs:162:92
[INFO] [stdout]     |
[INFO] [stdout] 162 |     fn poll_flush(mut self: Pin<&mut Self>, cx: &mut Context<'_>) -> Poll<Result<(), Self::SinkError>> {
[INFO] [stdout]     |                                                                                            ^^^^^^^^^ associated type `SinkError` not found
[INFO] [stdout] 
[INFO] [stdout] 
[INFO] [stdout] error[E0220]: associated type `SinkError` not found for `Self`
[INFO] [stdout]    --> src/lib.rs:178:92
[INFO] [stdout]     |
[INFO] [stdout] 178 |     fn poll_close(mut self: Pin<&mut Self>, cx: &mut Context<'_>) -> Poll<Result<(), Self::SinkError>> {
[INFO] [stdout]     |                                                                                            ^^^^^^^^^ associated type `SinkError` not found
[INFO] [stdout] 
[INFO] [stdout] 
[INFO] [stdout] error: aborting due to 5 previous errors
[INFO] [stdout] 
[INFO] [stdout] 
[INFO] [stdout] Some errors have detailed explanations: E0220, E0437.
[INFO] [stdout] 
[INFO] [stdout] For more information about an error, try `rustc --explain E0220`.
[INFO] [stdout] 
[INFO] [stderr] error: could not compile `coconut`.
[INFO] [stderr] 
[INFO] [stderr] To learn more, run the command again with --verbose.
[INFO] [stderr] warning: build failed, waiting for other jobs to finish...
[INFO] [stdout] error[E0437]: type `SinkError` is not a member of trait `Sink`
[INFO] [stdout]    --> src/lib.rs:150:5
[INFO] [stdout]     |
[INFO] [stdout] 150 |     type SinkError = FramesError<C::Error>;
[INFO] [stdout]     |     ^^^^^^^^^^^^^^^^^^^^^^^^^^^^^^^^^^^^^^^ not a member of trait `Sink`
[INFO] [stdout] 
[INFO] [stdout] 
[INFO] [stdout] error[E0220]: associated type `SinkError` not found for `Self`
[INFO] [stdout]    --> src/lib.rs:152:89
[INFO] [stdout]     |
[INFO] [stdout] 152 |     fn poll_ready(self: Pin<&mut Self>, _cx: &mut Context<'_>) -> Poll<Result<(), Self::SinkError>> {
[INFO] [stdout]     |                                                                                         ^^^^^^^^^ associated type `SinkError` not found
[INFO] [stdout] 
[INFO] [stdout] 
[INFO] [stdout] error[E0220]: associated type `SinkError` not found for `Self`
[INFO] [stdout]    --> src/lib.rs:156:70
[INFO] [stdout]     |
[INFO] [stdout] 156 |     fn start_send(self: Pin<&mut Self>, item: T) -> Result<(), Self::SinkError> {
[INFO] [stdout]     |                                                                      ^^^^^^^^^ associated type `SinkError` not found
[INFO] [stdout] 
[INFO] [stdout] 
[INFO] [stdout] error[E0220]: associated type `SinkError` not found for `Self`
[INFO] [stdout]    --> src/lib.rs:162:92
[INFO] [stdout]     |
[INFO] [stdout] 162 |     fn poll_flush(mut self: Pin<&mut Self>, cx: &mut Context<'_>) -> Poll<Result<(), Self::SinkError>> {
[INFO] [stdout]     |                                                                                            ^^^^^^^^^ associated type `SinkError` not found
[INFO] [stdout] 
[INFO] [stdout] 
[INFO] [stdout] error[E0220]: associated type `SinkError` not found for `Self`
[INFO] [stdout]    --> src/lib.rs:178:92
[INFO] [stdout]     |
[INFO] [stdout] 178 |     fn poll_close(mut self: Pin<&mut Self>, cx: &mut Context<'_>) -> Poll<Result<(), Self::SinkError>> {
[INFO] [stdout]     |                                                                                            ^^^^^^^^^ associated type `SinkError` not found
[INFO] [stdout] 
[INFO] [stdout] 
[INFO] [stdout] error: aborting due to 5 previous errors
[INFO] [stdout] 
[INFO] [stdout] 
[INFO] [stdout] Some errors have detailed explanations: E0220, E0437.
[INFO] [stdout] 
[INFO] [stdout] For more information about an error, try `rustc --explain E0220`.
[INFO] [stdout] 
[INFO] [stderr] error: build failed
[INFO] running `Command { std: "docker" "inspect" "2fb56775b85c7d1e74e0b8406b40ca6e940b545c2fec01ea49ac3a598e257f08", kill_on_drop: false }`
[INFO] running `Command { std: "docker" "rm" "-f" "2fb56775b85c7d1e74e0b8406b40ca6e940b545c2fec01ea49ac3a598e257f08", kill_on_drop: false }`
[INFO] [stdout] 2fb56775b85c7d1e74e0b8406b40ca6e940b545c2fec01ea49ac3a598e257f08
